012313717?
3
What is the hundred thousands digit of 44869991?
8
What is the hundreds digit of 383699614?
6
What is the hundreds digit of 88115941?
9
What is the hundreds digit of 97026949?
9
What is the hundreds digit of 258276487?
4
What is the units digit of 5142706689?
9
What is the tens digit of 147854404?
0
What is the thousands digit of 1221605516?
5
What is the hundred millions digit of 163163311?
1
What is the units digit of 571293677?
7
What is the hundred thousands digit of 3496282196?
2
What is the thousands digit of 114138771?
8
What is the ten millions digit of 44618347?
4
What is the thousands digit of 499752631?
2
What is the ten thousands digit of 8036156?
3
What is the ten thousands digit of 413274809?
7
What is the ten millions digit of 4427926565?
2
What is the tens digit of 69809142?
4
What is the ten thousands digit of 774304272?
0
What is the units digit of 9712903?
3
What is the billions digit of 1798335705?
1
What is the hundred thousands digit of 1185187902?
1
What is the ten millions digit of 2929143996?
2
What is the hundred millions digit of 4448908463?
4
What is the units digit of 117863873?
3
What is the tens digit of 478201386?
8
What is the ten millions digit of 472130326?
7
What is the hundred millions digit of 1723050899?
7
What is the tens digit of 294794246?
4
What is the ten thousands digit of 3186317409?
1
What is the millions digit of 4975536861?
5
What is the hundred thousands digit of 361372267?
3
What is the hundred thousands digit of 73326408?
3
What is the tens digit of 1189437013?
1
What is the hundred thousands digit of 116046615?
0
What is the ten millions digit of 26146887?
2
What is the hundred millions digit of 227116659?
2
What is the tens digit of 28952483?
8
What is the millions digit of 829846442?
9
What is the thousands digit of 53796457?
6
What is the thousands digit of 773080260?
0
What is the ten thousands digit of 228273316?
7
What is the ten thousands digit of 18540264?
4
What is the thousands digit of 8327200?
7
What is the hundreds digit of 34805234?
2
What is the hundreds digit of 138936204?
2
What is the hundred millions digit of 692051320?
6
What is the hundred millions digit of 518691161?
5
What is the hundred thousands digit of 87096126?
0
What is the hundreds digit of 626248654?
6
What is the ten thousands digit of 955037260?
3
What is the ten thousands digit of 263653859?
5
What is the tens digit of 341149098?
9
What is the tens digit of 37402787?
8
What is the tens digit of 195663809?
0
What is the tens digit of 3405220344?
4
What is the ten millions digit of 274576877?
7
What is the thousands digit of 4107737187?
7
What is the thousands digit of 2115496483?
6
What is the tens digit of 49946853?
5
What is the units digit of 1071921227?
7
What is the thousands digit of 1048271663?
1
What is the thousands digit of 45496436?
6
What is the thousands digit of 251852453?
2
What is the thousands digit of 118809812?
9
What is the hundred thousands digit of 3270404074?
4
What is the ten millions digit of 6666818252?
6
What is the thousands digit of 1607151466?
1
What is the ten millions digit of 96498074?
9
What is the ten millions digit of 1074837430?
7
What is the units digit of 71197150?
0
What is the units digit of 600718091?
1
What is the ten millions digit of 42124146?
4
What is the hundred millions digit of 1746309045?
7
What is the hundreds digit of 495384825?
8
What is the hundred thousands digit of 6439356847?
3
What is the hundred thousands digit of 115390865?
3
What is the hundred millions digit of 4788117790?
7
What is the thousands digit of 7183884?
3
What is the tens digit of 79692359?
5
What is the units digit of 23824671?
1
What is the units digit of 671988301?
1
What is the hundreds digit of 162864385?
3
What is the hundreds digit of 542825949?
9
What is the millions digit of 399188364?
9
What is the hundred thousands digit of 38130137?
1
What is the hundreds digit of 584000368?
3
What is the thousands digit of 8255600?
5
What is the hundred millions digit of 122125061?
1
What is the hundred thousands digit of 1170120440?
1
What is the hundred thousands digit of 731299591?
2
What is the ten millions digit of 30950861?
3
What is the units digit of 360650119?
9
What is the hundred thousands digit of 21929540?
9
What is the tens digit of 27824855?
5
What is the millions digit of 173672321?
3
What is the hundreds digit of 77426503?
5
What is the tens digit of 80033731?
3
What is the tens digit of 87268196?
9
What is the ten thousands digit of 623533920?
3
What is the hundred thousands digit of 83883616?
8
What is the millions digit of 869390048?
9
What is the hundred millions digit of 329464720?
3
What is the millions digit of 5933410848?
3
What is the hundreds digit of 2095913547?
5
What is the units digit of 16027472?
2
What is the units digit of 479615525?
5
What is the tens digit of 1356865417?
1
What is the units digit of 4123657436?
6
What is the hundred millions digit of 1132152484?
1
What is the thousands digit of 211163046?
3
What is the hundreds digit of 247809622?
6
What is the units digit of 265748359?
9
What is the ten millions digit of 3753655290?
5
What is the tens digit of 384489641?
4
What is the tens digit of 54108705?
0
What is the hundreds digit of 8589078?
0
What is the units digit of 297216185?
5
What is the hundreds digit of 30200550?
5
What is the thousands digit of 4145658589?
8
What is the hundred thousands digit of 730787873?
7
What is the hundred thousands digit of 5082587525?
5
What is the hundred millions digit of 6086412406?
0
What is the millions digit of 334278220?
4
What is the hundred millions digit of 417945804?
4
What is the units digit of 35504463?
3
What is the tens digit of 832035069?
6
What is the thousands digit of 2778195989?
5
What is the units digit of 724745043?
3
What is the units digit of 41820325?
5
What is the tens digit of 1094101937?
3
What is the hundred millions digit of 2022072524?
0
What is the tens digit of 206743972?
7
What is the ten millions digit of 408643474?
0
What is the hundred thousands digit of 175614737?
6
What is the millions digit of 464403435?
4
What is the hundreds digit of 736527855?
8
What is the thousands digit of 5669571210?
1
What is the ten thousands digit of 13765839?
6
What is the thousands digit of 120439342?
9
What is the hundreds digit of 673044739?
7
What is the hundreds digit of 517606419?
4
What is the hundreds digit of 97085879?
8
What is the ten thousands digit of 115519?
1
What is the thousands digit of 2934197771?
7
What is the ten millions digit of 18702110?
1
What is the units digit of 467051961?
1
What is the ten millions digit of 1355083975?
5
What is the thousands digit of 1052026386?
6
What is the tens digit of 10669050?
5
What is the units digit of 15697695?
5
What is the units digit of 168642086?
6
What is the tens digit of 727481740?
4
What is the ten thousands digit of 121353109?
5
What is the hundred millions digit of 209157111?
2
What is the ten thousands digit of 3623111782?
1
What is the units digit of 146924438?
8
What is the hundred thousands digit of 423470311?
4
What is the hundreds digit of 32881697?
6
What is the thousands digit of 161875751?
5
What is the ten millions digit of 38000758?
3
What is the units digit of 2090717782?
2
What is the hundreds digit of 27814060?
0
What is the ten millions digit of 125770611?
2
What is the hundreds digit of 63759182?
1
What is the hundreds digit of 823492653?
6
What is the hundred millions digit of 3774428526?
7
What is the units digit of 147138344?
4
What is the hundred thousands digit of 290897732?
8
What is the millions digit of 3154724953?
4
What is the hundred thousands digit of 61834981?
8
What is the thousands digit of 96028404?
8
What is the thousands digit of 241265952?
5
What is the ten thousands digit of 94887413?
8
What is the hundred millions digit of 4927894672?
9
What is the hundred thousands digit of 300696603?
6
What is the tens digit of 1880331516?
1
What is the tens digit of 49504591?
9
What is the tens digit of 38718249?
4
What is the thousands digit of 8710299427?
9
What is the ten millions digit of 210230050?
1
What is the hundred thousands digit of 2070767297?
7
What is the hundred millions digi